e?
False
Suppose 21998 = a - 5*j + 5453, -5*a - 4*j + 82841 = 0. Is a prime?
False
Suppose -2596 - 2378 = -3*x. Let w = x - 820. Is w composite?
True
Suppose -5 = -5*i, -5*s + 4*s = -5*i - 3698. Suppose 0 = -4*j + y + s, -j + 4*y + 343 + 579 = 0. Is j prime?
False
Let s(h) be the third derivative of 0 - 1/4*h**4 + 9*h**2 + 1/60*h**5 + 0*h + 5/6*h**3 + 1/120*h**6. Is s(3) composite?
False
Let g = -44699 + 65260. Is g composite?
True
Suppose 3*o - 9 = -0*o, 3*l = -4*o + 24. Suppose l*j - 395 = 489. Is j prime?
False
Let c be (-30)/20 - 161/2. Let i = 147 + c. Is i a composite number?
True
Let p(m) = -2*m + 153. Let l(f) = 3*f - 229. Let x(k) = 5*l(k) + 8*p(k). Suppose -c - 2*c - u = 4, c + 12 = -3*u. Is x(c) composite?
False
Let h = -9 + 1. Let q(f) = -142*f + 15. Is q(h) a composite number?
False
Suppose -4013 = 5*q - 13103. Suppose 0 = -5*c + q + 397. Is c a composite number?
False
Let t(o) = -o - 1. Suppose -3 - 12 = -3*y. Let u(x) = 156*x - 9. Let l(a) = y*t(a) - u(a). Is l(-3) composite?
False
Suppose -16*g - 444 = -20*g. Let y = 100 + g. Is y a composite number?
False
Let i = -5882 - -1549. Let w = -1770 - i. Is w a prime number?
False
Suppose -4*z - 2*a = -260 - 982, 0 = -2*z + 3*a + 641. Let y = -101 + z. Suppose 34 = -3*g + p + 352, p = -2*g + y. Is g prime?
False
Let j be (144/(-27))/((-2)/(-3297)). Let v = 13125 + j. Is v prime?
False
Let x = 9217 + -5090. Is x a composite number?
False
Is (4 - (-33)/(-9))/((-3)/(-4194)) composite?
True
Suppose -28 = o - 30, -4*w - 2*o = -4928. Is w prime?
True
Let w = -12 + 2061. Is w a composite number?
True
Let c be (-4 + 2)/(4/(-2344)). Suppose 23*o - 27*o = -c. Is o a prime number?
True
Suppose 3*r - 1203 = -c - 0*c, 2*c - 3*r - 2370 = 0. Suppose -c = 4*g - 13987. Is g a composite number?
True
Let p(q) = 2*q**3 - 29*q**2 + 52*q + 17. Is p(26) prime?
False
Suppose -2*a + 28358 = -0*u - 4*u, 0 = 2*a + u - 28368. Is a prime?
False
Suppose -9 - 5 = -7*z. Is (-4)/z*2096/(-32) prime?
True
Let f(y) = -y**3 - 3*y**2 - y + 4. Let v be f(-3). Let q be (-26)/91 - (-23)/v. Is 10 + 6 + q*1 a composite number?
False
Suppose -13 = k - 2*k + 4*q, -18 = -4*k - q. Let r be (-10)/25 - (-347)/k. Suppose -2*z = z - r. Is z a composite number?
False
Suppose -3*l = t - 4*t + 15, 4*t = -4. Let i = 11 + l. Suppose -317 = -2*h - i*a, h = 3*h + a - 321. Is h a composite number?
True
Let c(x) = 10*x**2 - 4*x - 13. Is c(27) composite?
True
Let y = 19 - 20. Let w(i) = -4*i**3 - i**2 - i. Let f be w(-1). Is (1 - y) + 5516/f a prime number?
True
Let k(g) = 14741*g**2 + 12*g - 3. Is k(-2) a prime number?
True
Is 0 + (-1 - (-15514 - -2)) prime?
True
Suppose 2*k + 6 - 12 = 0. Suppose -k*o + 8*o = 70. Suppose 75 = q - o. Is q a composite number?
False
Let y = 803 - -558. Is y composite?
False
Let i be (-8 + 4 - 0)/(3/(-9)). Is -9 + i - (-762 - 1) - -3 composite?
False
Let y(t) = -t + 4. Let z be y(4). Let o be (-2)/(-3) + 7139/33. Suppose 3*w + 4*r - o = 0, 2*w - 143 = -z*w - 3*r. Is w prime?
True
Suppose 4*f = 16 + 8. Let h(z) = z**2 - 6*z + 2. Let s be h(f). Is (7/2)/(s/236) a composite number?
True
Suppose 4*x - 2*m - m - 26 = 0, 0 = -3*x - m + 13. Let s(t) = t**3 - 4*t**2 + 7*t + 2. Let a be s(x). Is a/10 - (-2)/(-10) a composite number?
True
Let o = 1250 + 1569. Is o a prime number?
True
Let d(o) = 87*o**2 + 85*o - 37. Is d(17) a prime number?
False
Suppose 8 + 6 = 2*h. Is (h/(-3))/((-2)/6) a composite number?
False
Suppose z = -2*h - 3283, h + h = -5*z - 3271. Let g = h - -758. Is g/9*6/(-2) prime?
False
Let h(q) = 2*q - 5. Let n be h(15). Suppose 5*y - n = 0, y - 14593 = -4*s - 0*y. Is s prime?
False
Let d = -815 - -1395. Let k = 1065 - d. Is k composite?
True
Suppose 3*n + 4*t + 0 = 1, -2*n + 4*t + 34 = 0. Suppose n*d - 18723 - 12112 = 0. Is d composite?
True
Suppose 0*o + o + 1 = 0. Let y be (-74 + 1 - -3)*o. Is (2212/y)/(2/5) a prime number?
True
Let w = 558 - -1099. Is w prime?
True
Let k(d) = 2099*d**3 + 2*d**2 - 2*d. Let p(y) = -y**3 - 8*y**2 + 8*y - 8. Let l be p(-9). Is k(l) a prime number?
True
Let d(i) = -206*i + 35. Let q(r) = -69*r + 11. Let g(z) = 4*d(z) - 11*q(z). Is g(-12) prime?
False
Suppose 27575 = 18*w - 13*w - 5*q, 2*q = -4*w + 22048. Is w a composite number?
True
Let w(y) = -60*y**3 + y**2 - y - 1. Suppose 6 - 22 = 4*b, 2*i - 2 = -b. Suppose 6 = -3*r + i*k, -5*r - 3*k - 5 = 5. Is w(r) prime?
False
Suppose -78 = 6*l - 102. Suppose -4*r - 5*j = -20495 + 2498, -13499 = -3*r - l*j. Is r a composite number?
False
Suppose -4*r = m - 4, 0 = 3*m - 2*m - 5*r - 22. Is (-1356)/(-16) - (-3)/m composite?
True
Let n = 1615 + -816. Is n composite?
True
Let g(j) = 384*j**2 + 12*j + 33. Let u be g(-7). Is (-6)/39 - u/(-39) composite?
True
Suppose 4*i + o = 29, -4*i - 4*o = -8 - 12. Let b(u) = 2*u**3 + 10*u**2 + 9*u + 9. Is b(i) composite?
True
Let h be (-2)/(-2)*75/5. Let j(f) = f**2 + 9*f - 37. Is j(h) a prime number?
False
Suppose 0 = r + 2*i - 4055 - 18280, 4*i = 4*r - 89388. Is r prime?
True
Suppose 5*s - 9 = 3*f, -4*s = f - 0*f - 14. Suppose 0 = -5*h - 4*t + 758 + 1685, 0 = 3*h - f*t - 1479. Is h composite?
False
Let o = 227330 + -158467. Is o prime?
True
Let k be (1236/10)/((-4)/(-10)). Let d = k + -191. Suppose 2*i = 3*i - d. Is i a composite number?
True
Suppose -4*r = -k + 32, k - r + 5 = 52. Suppose -d = -5*d - k. Let v = d + 44. Is v a composite number?
False
Suppose -79 = 5*n - 529. Suppose 0 = -y + 2*u + n - 33, -4*y = u - 237. Suppose 12 = z - y. Is z a composite number?
False
Suppose 0*y + 4*t = 3*y - 31, -4*y - 2*t + 12 = 0. Suppose 0 = -y*h + 9 + 116. Let m = 51 - h. Is m a composite number?
True
Suppose -3*c + 7 = 7. Suppose -2*t + 6218 = -c*t. Is t a prime number?
True
Let c = 267 + 95. Is 5/10 + c/4 a prime number?
False
Let v(k) = -2*k + 3. Let m be v(3). Let d = m + 4. Let o(r) = 114*r**2 - r. Is o(d) a composite number?
False
Suppose -3*t + 230 = 2*l, -4*t - 5*l - 31 = -333. Suppose 4*n - 2*n = -3*g + 517, -2*g + 346 = n. Let f = t + g. Is f prime?
False
Let c be (4/(-14) + 108/(-210))*-15. Is (11883/c)/((-2)/40*-5) a composite number?
True
Let p(k) = -k + 8. Let v be p(6). Is (-1)/(3*v/(-2502)) composite?
True
Is (4 - 3 - 19968)*(-1 - 0) a composite number?
True
Let y(l) be the first derivative of -187*l**2/2 - 3*l + 6. Is y(-2) a prime number?
False
Let m = -47 - -46. Is (-8 - -6)*(6410/(-4) - m) a composite number?
False
Is (-209169)/(-12) + (7 + 3)/40 prime?
True
Let f(v) = -4*v + 160*v**2 + 3*v + 754*v**2 + 202*v**2. Is f(-1) prime?
True
Let l(q) = 55*q**2 - 5*q - 21. Let u be l(8). Suppose 0 = -4*w + a + u, 2*a - 2594 = -3*w + 3*a. Is w a composite number?
True
Let a = 26591 - 10348. Is a a prime number?
False
Let n(t) = -t**3 + 49*t**2 + 31*t - 21. Is n(26) a composite number?
False
Let i(u) be the third derivative of 23*u**5/20 - u**4/8 + u**3/6 + 5*u**2. Is i(1) a composite number?
False
Let p(b) = 956*b - 909. Is p(16) a prime number?
True
Suppose j + i - 7 = 3*i, 4*j - 5*i - 22 = 0. Suppose -j*t = -0*x - x + 1006, 5*x = -2*t - 682. Is 1 + -1 + (5 - t) prime?
False
Suppose -17*u = -50383 - 23958. Is u a composite number?
False
Suppose 5*w + x + 14 = 0, -4*x = w + w + 2. Is -3 - 2019/(-15) - w/(-5) prime?
True
Let f(w) = -5*w**2 - 14*w + 5. Let m be f(-6). Let v = 176 + m. Is v a prime number?
False
Suppose 0*i - 5*i + 15 = 0. Suppose 6*z - 4*z - 62 = 4*r, i*r - z + 45 = 0. Is (-637)/r + 6/4 composite?
False
Let p = 41 + -29. Suppose -2*s - 2*k = -7 - 5, s = 5*k - p. Suppose -n + 3*n + 2*b = 1704, -s*n + 2*b = -2561. Is n a prime number?
True
Let l = -1365 - -2984. Is l prime?
True
Let c(u) = u**3 - 10*u**2 - 12*u + 15. Let g be c(11). Let n(b) = -b**3 + 3*b**2 + 2*b + 5. Let s be n(g). Is 3 - 0 - (-145 - s) composite?
True
Let l(y) = 403*y**2 - 2*y - 10. Is l(3) prime?
False
Let i = -14 - -9. Let t be 2/3*(1 - i). Suppose -74 = 2*a - t*a. Is a composite?
False
Suppose 2*q + 335 = k + 4*q, -3*k + 1005 = 5*q. Is k a prime number?
False
Suppose 0 = 2*h + 2*u + 30, -h + 0*h - 5*u - 11 = 0. Let v(f) = 2*f**2 + 10*f + 1. Is v(h) a composite number?
False
Let y(x) = -7507*x**3 - 9*x**2 - 9*x. Is y(-1) a prime number?
True
Suppose t + 5 = 0, -m - 3*t - 17047 = -5*m. Is m composite?
True
Let o = -735 + 56. Let s = o - -3177. Is s a prime number?
False
Let c(g) = 5605*g + 134. Is c(5) prime?
F